{"id":1270,"date":"2025-11-17T11:21:48","date_gmt":"2025-11-17T10:21:48","guid":{"rendered":"https:\/\/holgy.de\/?page_id=1270"},"modified":"2025-11-17T12:00:56","modified_gmt":"2025-11-17T11:00:56","slug":"computerei","status":"publish","type":"page","link":"https:\/\/holgy.de\/?page_id=1270","title":{"rendered":"Computerei"},"content":{"rendered":"\n<p>Der Laptop war der erste. <img loading=\"lazy\" decoding=\"async\" width=\"75\" height=\"56\" class=\"wp-image-1294\" style=\"width: 75px;\" src=\"https:\/\/holgy.de\/wp-content\/uploads\/2025\/11\/Lenovo-1.jpg\" alt=\"\" srcset=\"https:\/\/holgy.de\/wp-content\/uploads\/2025\/11\/Lenovo-1.jpg 474w, https:\/\/holgy.de\/wp-content\/uploads\/2025\/11\/Lenovo-1-300x225.jpg 300w\" sizes=\"auto, (max-width: 75px) 85vw, 75px\" \/><\/p>\n\n\n\n<p>Eigentlich wollte ich nicht mehr an diesem Thema r\u00fctteln aber ich habe,  f\u00fcr mich eine grundlegende Entscheidung getroffen.<\/p>\n\n\n\n<p class=\"has-text-align-center\"><strong>&#8222;By By&#8220;<\/strong> <img loading=\"lazy\" decoding=\"async\" width=\"75\" height=\"65\" class=\"wp-image-1279\" style=\"width: 75px;\" src=\"https:\/\/holgy.de\/wp-content\/uploads\/2025\/11\/Windows-Logo-1.png\" alt=\"\" srcset=\"https:\/\/holgy.de\/wp-content\/uploads\/2025\/11\/Windows-Logo-1.png 350w, https:\/\/holgy.de\/wp-content\/uploads\/2025\/11\/Windows-Logo-1-300x260.png 300w\" sizes=\"auto, (max-width: 75px) 85vw, 75px\" \/>  und <strong>&#8222;Hallo&#8220; <\/strong><img loading=\"lazy\" decoding=\"async\" width=\"75\" height=\"75\" class=\"wp-image-1278\" style=\"width: 75px;\" src=\"https:\/\/holgy.de\/wp-content\/uploads\/2025\/11\/linux-mint-logo.png\" alt=\"\" srcset=\"https:\/\/holgy.de\/wp-content\/uploads\/2025\/11\/linux-mint-logo.png 350w, https:\/\/holgy.de\/wp-content\/uploads\/2025\/11\/linux-mint-logo-300x300.png 300w, https:\/\/holgy.de\/wp-content\/uploads\/2025\/11\/linux-mint-logo-150x150.png 150w\" sizes=\"auto, (max-width: 75px) 85vw, 75px\" \/> . <\/p>\n\n\n\n<p>Ja ich habe den Sprung gewagt und ich habe es (bis jetzt) nicht bereut. Der ausschlaggebende Grund des Wechsels war diese st\u00e4ndige Zwangsanmelderei und die st\u00e4ndigen updates der aktuellen Versionen. Meine gekaufte Office Version wurde auf einmal nicht mehr erkannt und warf mir obskure Meldungen raus. Tja und die Rechnergeschwindigkeit lie\u00df auch st\u00e4ndig nach.<\/p>\n\n\n\n<p> Daten sichern war schon eine Aufgabe f\u00fcr sich. Externe Festplatte per USB verbinden. Dann wurden die Dateien gesichtet und ausgew\u00e4hlt. Es waren doch einige GB an Bildern, Dokumenten und Musiktitel. Diese Sicherung hat insgesamt ca 5 Std gedauert. ich musste nicht die gesamte Zeit am PC sitzen, das meiste wurde ja automatisch kopiert, ausw\u00e4hlen und Befehl &#8222;kopieren nach&#8220; ausw\u00e4hlen.<\/p>\n\n\n\n<p>Dann habe ich mir einen USB Stick (64GB) genommen und die passende Software aufgespielt. <strong>Linux Mint Cinnamon 22.2<\/strong> (englisch f\u00fcr \u201eZimt\u201c) und <strong>Rufus<\/strong> als Dienstprogramm f\u00fcrs Handling. Kleiner Tipp: f\u00fcr den Download der Linux version nehmt einen deutschen Server, da geht es schneller. Nein, ich werde diesen Ablauf hier nicht detailliert beschreiben, da gibt es Seiten im Internet die dies, mit reichlich Feedback, viel besser k\u00f6nnen.<\/p>\n\n\n\n<p>Der USB Stick ist fertig, los geht der Spa\u00df. Letzte Kontrolle,  mein Plan ist, die Festplatte wird neu formatiert und dann mit Linux als neues Betriebssystem gef\u00fcllt. Man kann auch zwei Systeme nebeneinander laufen lassen. Es gibt dann ein Auswahlmen\u00fc beim Start, aber warum sollte ich das machen, ich h\u00e4tte keinen Nutzen davon.<\/p>\n\n\n\n<p>Stick in den USB Port und &#8222;<strong>Rechner Neustart<\/strong>&#8220; &#8211; <strong>Sprung ins Bios<\/strong> (bei mir mit F2) die <strong>Boot Reihenfolge \u00e4ndern<\/strong> (USB Stick muss oben sein) und dann <strong>Speichern<\/strong> (F10). Der Rechner startet neu und siehe da Linux wird installiert, erst einmal parallel zum alten System. Jetzt kann man es ausprobieren, also eine R\u00fcckfallebene ist immer noch greifbar.<\/p>\n\n\n\n<p>Jetzt kann es ausf\u00fchrlich getestet werden, sollte es euch wieder erwartend nicht gefallen- tja dann beendet das Programm und startet euer altes wieder.<\/p>\n\n\n\n<p>Ansonsten ist oben links auf dem Desktop ein Link zum Installieren von Linux. Ich habe jetzt den dritten Rechner vor mir und werde dort auch Linux aufspielen&#8230;es ist einfach besser. Selbst auf einem alten ACER mit Win7 funktioniert es reibungslos.<\/p>\n\n\n\n<p>Viel Spa\u00df und gutes gelingen.<\/p>\n\n\n\n<p><\/p>\n","protected":false},"excerpt":{"rendered":"<p>Der Laptop war der erste. Eigentlich wollte ich nicht mehr an diesem Thema r\u00fctteln aber ich habe, f\u00fcr mich eine grundlegende Entscheidung getroffen. &#8222;By By&#8220; und &#8222;Hallo&#8220; . Ja ich habe den Sprung gewagt und ich habe es (bis jetzt) nicht bereut. Der ausschlaggebende Grund des Wechsels war diese st\u00e4ndige Zwangsanmelderei und die st\u00e4ndigen updates &hellip; <a href=\"https:\/\/holgy.de\/?page_id=1270\" class=\"more-link\"><span class=\"screen-reader-text\">\u201eComputerei\u201c <\/span>weiterlesen<\/a><\/p>\n","protected":false},"author":1,"featured_media":0,"parent":0,"menu_order":0,"comment_status":"closed","ping_status":"closed","template":"","meta":{"footnotes":""},"class_list":["post-1270","page","type-page","status-publish","hentry"],"jetpack_sharing_enabled":true,"_links":{"self":[{"href":"https:\/\/holgy.de\/index.php?rest_route=\/wp\/v2\/pages\/1270","targetHints":{"allow":["GET"]}}],"collection":[{"href":"https:\/\/holgy.de\/index.php?rest_route=\/wp\/v2\/pages"}],"about":[{"href":"https:\/\/holgy.de\/index.php?rest_route=\/wp\/v2\/types\/page"}],"author":[{"embeddable":true,"href":"https:\/\/holgy.de\/index.php?rest_route=\/wp\/v2\/users\/1"}],"replies":[{"embeddable":true,"href":"https:\/\/holgy.de\/index.php?rest_route=%2Fwp%2Fv2%2Fcomments&post=1270"}],"version-history":[{"count":10,"href":"https:\/\/holgy.de\/index.php?rest_route=\/wp\/v2\/pages\/1270\/revisions"}],"predecessor-version":[{"id":1295,"href":"https:\/\/holgy.de\/index.php?rest_route=\/wp\/v2\/pages\/1270\/revisions\/1295"}],"wp:attachment":[{"href":"https:\/\/holgy.de\/index.php?rest_route=%2Fwp%2Fv2%2Fmedia&parent=1270"}],"curies":[{"name":"wp","href":"https:\/\/api.w.org\/{rel}","templated":true}]}}